et y be r(11). Suppose 5*j = 2*z + y, 4*z + 20 = -z. Suppose 2*a - j = 22. What is the units digit of a?
3
Suppose -i + 6*i - 10 = 0. Let f(o) = 2*o**3 + 4*o**2 - 2*o - 2. What is the tens digit of f(i)?
2
Suppose 7*w - 30 = 2*w. Suppose -3*t = -w - 33. What is the units digit of t?
3
Let p = -1 + 3. Let d(l) = 5 - l**3 - l**2 + 0*l**2 - 3*l**p. What is the units digit of d(-4)?
5
Suppose -4*h = -9*h - 4*w + 300, 0 = 2*w. Let o be h/8*2/3. Suppose 2*p = o*d - 35, d = 2*p + p + 7. What is the units digit of d?
7
Let s(w) = 28*w**3 - 2*w**2 + w. What is the units digit of s(1)?
7
Let v be -3 + 2 - (-2 - 0). Let h = 3 + v. Suppose 6 + 6 = h*d. What is the units digit of d?
3
Suppose -14*p - 230 = -19*p. What is the units digit of p?
6
Suppose 50 = -4*x + 854. What is the units digit of x?
1
Let c = -14 - -10. Let m be c/(0 + 0 - 2). Suppose 5*x + 20 = 5*y, -5*y - m*x - 3*x = 0. What is the units digit of y?
2
Let n(j) = 3*j**2 - 6*j + 9. What is the units digit of n(4)?
3
Let n(p) = 10*p**2 + 3 + 3 - 3 + 2*p - 2. What is the units digit of n(-1)?
9
Let u = -22 - -49. Suppose -3*p = -0*p - 5*f - u, 5*p + 3*f = 79. What is the tens digit of p?
1
Suppose -3*l = 2*l + k + 9, -2*l + 2*k - 6 = 0. What is the units digit of (-1 - l - -1) + 0?
2
Let i = -47 + 111. What is the tens digit of i?
6
Suppose 2*d + 2*d - j - 333 = 0, -d - 3*j = -93. What is the units digit of d?
4
Let b be ((-2)/6)/(4/12). Let z be (40/(-6))/(b/3). Suppose z = a + 3*a. What is the units digit of a?
5
Suppose 2*r - 23 = -2*c + 29, 142 = 5*r - c. What is the units digit of r?
8
Suppose -2*v + 0*v + 338 = 0. What is the tens digit of v?
6
Suppose 4*v - 1 = 3*v. Suppose -5*n - t - 78 = 0, 62 = -5*n + 4*t - v. Let h = 21 + n. What is the units digit of h?
6
Suppose 3*f = -4*s + 2, s = -0*s - 4. Suppose -f*w - w + 378 = 0. What is the tens digit of w?
5
Suppose -3*j = -4*h - 153, -3*h = -j - 19 + 70. What is the units digit of j?
1
Let z(f) = 6*f**2 + 3*f. Let q = -12 + 10. What is the units digit of z(q)?
8
Let n(u) = -5*u + 33. What is the units digit of n(-11)?
8
Let l = -7 - -12. What is the units digit of l?
5
Let w(g) = -5*g**3 - g**2 + g + 1. Let k be w(-1). Suppose -3*y + 25 = k. What is the units digit of y?
7
Let c = 13 + -12. Suppose -w + c = -5. What is the units digit of w?
6
Let k = 131 - 79. Suppose 4*w = -8 + k. What is the units digit of w?
1
Suppose 7 = -4*j - 1. Let a be 6 - (-2 - (j + -3)). What is the tens digit of (a/(-2))/(3/(-24))?
1
Suppose u - 6*u + 10 = 0. Suppose -3*i - 35 = -u*d - 3*d, -2*d - i = -14. What is the units digit of d?
7
Let r be 5/(105/(-18))*-14. Let n be (-38)/(-3) + 4/r. Suppose 0 = -4*u + 3*j + 52, 0 = -5*u - 2*j + n + 29. What is the tens digit of u?
1
Let v(a) = -a**3 - 6*a**2 + 7*a - 9. What is the tens digit of v(-8)?
6
Let q(d) be the second derivative of d**5/20 + 5*d**4/12 - 7*d**3/6 - 3*d**2/2 - 3*d. What is the units digit of q(-6)?
3
Suppose -2*f = 6*i - i + 16, f - i - 6 = 0. What is the units digit of f/(-6) - 57/(-9)?
6
Let r = -37 - -131. What is the units digit of r?
4
Let c(x) = x**3 + 5*x**2 - 2*x - 7. Let v be c(-5). Suppose -4*r + 21 = 4*j - 43, 9 = -v*j. What is the tens digit of r?
1
Let x be (-187)/44 - (-3)/(-4). Let m = x + 9. What is the units digit of m?
4
Suppose 0*w + 2*w = 64. Let b = w - 22. What is the units digit of b?
0
Let m = -3 + 7. Suppose -m*k - 2 = -6*k. Suppose 5 = 2*d - k. What is the units digit of d?
3
Let b be 6*(-2 + 30/9). Let h = 12 - b. Suppose h*l + 42 = 122. What is the tens digit of l?
2
Suppose -2*a - 5 + 19 = 0. Suppose -p + a + 9 = 0. What is the tens digit of p?
1
Let m(j) = -j**2 + 10*j + 8. Let f be m(12). What is the units digit of (f/3)/((-10)/45)?
4
Let c = -47 - 31. Let u = c - -123. What is the tens digit of u?
4
Suppose 136 = 4*n + 12. What is the units digit of n?
1
Suppose 75*d - 74*d = 372. What is the tens digit of d?
7
Let m(d) = -4*d**3 - d - 2. What is the units digit of m(-2)?
2
Let r(l) = 2*l - 5 + 3 - l - 4. Let z(s) = -3*s - 6. Let c be z(-5). What is the units digit of r(c)?
3
What is the units digit of 66/(-4)*(-8)/6?
2
Suppose 0 = -4*s + 16. Let f be (2/s)/(1/12). Let i = -4 + f. What is the units digit of i?
2
Let d be 1/(-4)*2*-8. Suppose -43 = -2*v + 5*t, d*v + t - 141 = -0*v. What is the units digit of v?
4
Let y = 6 + -4. Suppose -y*w = -102 - 68. Suppose 85 = 5*o - r, -r - 2*r - w = -5*o. What is the units digit of o?
7
Let s be 6/(-15) + (-244)/(-10). Let j = s + -15. What is the units digit of j?
9
Let s be (-6 + 1)*(-8)/10. Suppose -4*f + 2*f = -s. Suppose -4 - 5 = -f*t - n, t + 5*n = 9. What is the units digit of t?
4
Suppose -74 = -2*z + 4*s, 4*s - 41 - 1 = -2*z. What is the units digit of z?
9
Suppose -15 = -q - 3*z, -3*q + z - 5 = -q. Let a = q + 1. What is the units digit of a?
1
Suppose 8*u - 12 = 4*u. Suppose 0 = -5*w - 10, u*d + w - 4 = -3*w. What is the units digit of d?
4
Let w(b) = 6*b**2 + 51*b - 25*b - 27*b + 1. Suppose 5 = -2*j + 7*j. What is the units digit of w(j)?
6
Let l = -248 + 380. What is the hundreds digit of l?
1
Let a = -3 + -2. Let s = 9 + a. Suppose 0 = u - 3, s*g - 58 = -0*g - 2*u. What is the units digit of g?
3
Suppose -158 = -2*r - 46. Suppose 2*v = -3*b + r, 4*b + 56 = 3*v - 45. What is the units digit of v?
1
Suppose -y + 11 = -0. Let m be 14 + (-3)/((-6)/4). Let d = m - y. What is the units digit of d?
5
Suppose 62 = 2*y - 72. What is the tens digit of y?
6
Let w be (-1)/(2/(-10)) - 0. Suppose -g + 2 = -2*u + 8, -w*g + 5 = -3*u. Suppose 3*b + 46 = 4*j - 0*b, g*j = -4*b + 32. What is the tens digit of j?
1
Suppose 0 = -0*m + 3*m + 3*t + 6, 3*t = -2*m - 9. Let i be m/(-5) - (-16)/(-40). What is the tens digit of 61/5 + i/5?
1
Suppose 3 - 7 = 2*w. Let a be -1*(3 + w) - -3. Suppose a*b - 5*i - 27 = 0, -i = b - 5*i - 21. What is the units digit of b?
1
Suppose -4*s - 88 = -4*t - 6*s, -2*t = -5*s - 56. What is the units digit of t?
3
Let p = 287 - 141. What is the tens digit of p?
4
What is the tens digit of ((-472)/10)/(26/(-65))?
1
What is the units digit of 12/10*30/12?
3
What is the tens digit of ((-99)/(-2)*-2)/(24/(-32))?
3
Let q be (-11)/(-4) - 7/(-28). Let y = q - 0. What is the units digit of y?
3
Suppose 5*t - 2*j = 620, -2*t + 494 = 2*t - 2*j. What is the tens digit of t?
2
Let g(y) = 2*y + 9. Let h(m) = -3*m - 19. Let d(v) = -5*g(v) - 3*h(v). What is the units digit of d(0)?
2
Let r(j) = -j**3 - 4*j**2 - 3*j - 1. Let s be r(-3). Let g = s - -7. What is the units digit of 32/6 - g/(-9)?
6
Let q(s) = -s**3 - 6*s**2 - 6*s - 5. Let c be q(-5). Suppose -3*u + 8*u - 5*z - 215 = c, -3*u - 3*z = -111. What is the units digit of u?
0
Let b = -7 - -15. Suppose 0*t + 3*t = -o + 1, 5*o = -2*t - b. Suppose -5*n - t = -2*x, n + 4 = 2*x - 1. What is the units digit of x?
3
Let l be (-3)/(-3) + 1 + 6. Suppose -5*o + l = -o. Let z = 1 + o. What is the units digit of z?
3
Suppose 0 = -i - 2*j - 0*j, 0 = -2*i + 5*j + 27. What is the units digit of i?
6
Let v = 9 - 6. Suppose -2*p + 85 = v*p. What is the units digit of p?
7
Suppose -o + 231 = -3*m, 2*m + 1380 = 4*o + 456. What is the tens digit of o?
3
Let l = -28 + 46. What is the tens digit of l?
1
Let g = -7 - -6. What is the units digit of (1 - 12 - 1)/g?
2
Suppose 0 = -6*t + t + 20. Suppose -u - t*d + 4 = 0, 5*d + 4 = u + 27. Let m = 16 + u. What is the units digit of m?
8
Let r(k) = 2*k**2 + 1. Let s be r(-1). Suppose -s*y + 12 + 6 = 0. What is the units digit of (y - -1) + 2 + -1?
8
Let l(g) be the first derivative of g**3/3 + g**2/2 + 18*g + 2. Let b be l(0). Let a = 25 - b. What is the units digit of a?
7
Suppose -327 = 24*m - 27*m. What is the hundreds digit of m?
1
Let i be -1 + 1 + -4 - -12. Suppose i*y = 11*y - 138. What is the units digit of y?
6
Let k be ((-4)/(-3))/(4/6). Suppose 2*o + f = -4, -k*o + f + 4 = 16. Let y(a) = a**3 + 5*a**2 + 2*a. What is the units digit of y(o)?
8
Let w = 13 + 5. What is the units digit of w?
8
Suppose g + 66 = y, y = 2*y + 3*g - 46. Suppose -y = 4*w - 13. What is the units digit of ((-1)/(-3))/(w/(-180))?
5
Suppose -3*o = -4*o + 40. What is the tens digit of o?
4
Let d(h) = -h**3 + 8*h**2 + 4*h - 12. Let y be (5 + -14)*2/(-6). Let i(b) = 2*b + 2. Let n be i(y). What is the tens digit of d(n)?
2
Suppose -3*f = -2*z - 51 - 25, -8 = 4*